{"id":2455,"date":"2023-08-21T11:13:38","date_gmt":"2023-08-21T09:13:38","guid":{"rendered":"https:\/\/www.ehwazhope.fr\/?page_id=2455"},"modified":"2023-08-21T11:45:13","modified_gmt":"2023-08-21T09:45:13","slug":"dominant-leader-ami-referent-quelle-position-joccupe-dans-la-relation-avec-mon-cheval","status":"publish","type":"page","link":"https:\/\/www.ehwazhope.fr\/index.php\/dominant-leader-ami-referent-quelle-position-joccupe-dans-la-relation-avec-mon-cheval\/","title":{"rendered":"Dominant ? Leader ? Ami ? R\u00e9f\u00e9rent ? : Quelle Position J\u2019occupe Dans La Relation Avec Mon Cheval ?"},"content":{"rendered":"<p><div class=\"fusion-fullwidth fullwidth-box fusion-builder-row-1 fusion-flex-container has-pattern-background has-mask-background nonhundred-percent-fullwidth non-hundred-percent-height-scrolling\" style=\"background-color: rgba(129,148,97,0.38);background-position: center center;background-repeat: no-repeat;border-width: 0px 0px 0px 0px;border-color:var(--awb-color3);border-style:solid;\" ><div class=\"fusion-builder-row fusion-row fusion-flex-align-items-flex-start\" style=\"max-width:1248px;margin-left: calc(-4% \/ 2 );margin-right: calc(-4% \/ 2 );\"><div class=\"fusion-layout-column fusion_builder_column fusion-builder-column-0 fusion_builder_column_1_1 1_1 fusion-flex-column\"><div class=\"fusion-column-wrapper fusion-flex-justify-content-flex-start fusion-content-layout-column\" style=\"background-position:left top;background-repeat:no-repeat;-webkit-background-size:cover;-moz-background-size:cover;-o-background-size:cover;background-size:cover;padding: 0px 0px 0px 0px;\"><style type=\"text\/css\">@media only screen and (max-width:1024px) {.fusion-title.fusion-title-1{margin-top:30px!important; margin-right:!important;margin-bottom:15px!important;margin-left:!important;}}@media only screen and (max-width:640px) {.fusion-title.fusion-title-1{margin-top:0px!important; margin-right:!important;margin-bottom:10px!important; margin-left:!important;}}<\/style><div class=\"fusion-title title fusion-title-1 fusion-sep-none fusion-title-center fusion-title-text fusion-title-size-one\" style=\"font-size:40px;margin-top:30px;margin-bottom:15px;\"><h1 class=\"title-heading-center\" style=\"font-family:&quot;Pacifico&quot;;font-weight:400;margin:0;font-size:1em;text-transform:capitalize;color:#819461;\">Dominant ? Leader ? Ami ? R\u00e9f\u00e9rent ? : Quelle Position J\u2019occupe Dans La Relation Avec Mon Cheval ?<\/h1><\/div><\/div><style type=\"text\/css\">.fusion-body .fusion-builder-column-0{width:100% !important;margin-top : 0px;margin-bottom : 20px;}.fusion-builder-column-0 > .fusion-column-wrapper {padding-top : 0px !important;padding-right : 0px !important;margin-right : 1.92%;padding-bottom : 0px !important;padding-left : 0px !important;margin-left : 1.92%;}@media only screen and (max-width:1024px) {.fusion-body .fusion-builder-column-0{width:100% !important;order : 0;}.fusion-builder-column-0 > .fusion-column-wrapper {margin-right : 1.92%;margin-left : 1.92%;}}@media only screen and (max-width:640px) {.fusion-body .fusion-builder-column-0{width:100% !important;order : 0;}.fusion-builder-column-0 > .fusion-column-wrapper {margin-right : 1.92%;margin-left : 1.92%;}}<\/style><\/div><\/div><style type=\"text\/css\">.fusion-body .fusion-flex-container.fusion-builder-row-1{ padding-top : 0px;margin-top : 0px;padding-right : 0px;padding-bottom : 0px;margin-bottom : 0px;padding-left : 0px;}<\/style><\/div><div class=\"fusion-fullwidth fullwidth-box fusion-builder-row-2 fusion-flex-container has-pattern-background has-mask-background nonhundred-percent-fullwidth non-hundred-percent-height-scrolling\" style=\"background-color: rgba(129,148,97,0.38);background-position: center center;background-repeat: no-repeat;border-width: 0px 0px 0px 0px;border-color:var(--awb-color3);border-style:solid;\" ><div class=\"fusion-builder-row fusion-row fusion-flex-align-items-flex-start\" style=\"max-width:1248px;margin-left: calc(-4% \/ 2 );margin-right: calc(-4% \/ 2 );\"><div class=\"fusion-layout-column fusion_builder_column fusion-builder-column-1 fusion_builder_column_1_2 1_2 fusion-flex-column fusion-flex-align-self-flex-start\"><div class=\"fusion-column-wrapper fusion-flex-justify-content-center fusion-content-layout-column\" style=\"background-position:left top;background-repeat:no-repeat;-webkit-background-size:cover;-moz-background-size:cover;-o-background-size:cover;background-size:cover;padding: 0px 0px 0px 0px;\"><div style=\"text-align:center;\"><style>.fusion-imageframe.imageframe-1{ margin-top : 30px;}<\/style><span class=\" fusion-imageframe imageframe-none imageframe-1 hover-type-none\" style=\"border:5px solid #819461;\"><img decoding=\"async\" width=\"724\" height=\"1024\" title=\"1\" src=\"https:\/\/www.ehwazhope.fr\/wp-content\/uploads\/2023\/08\/1.png\" data-orig-src=\"https:\/\/www.ehwazhope.fr\/wp-content\/uploads\/2023\/08\/1-724x1024.png\" alt class=\"lazyload img-responsive wp-image-2485\" srcset=\"data:image\/svg+xml,%3Csvg%20xmlns%3D%27http%3A%2F%2Fwww.w3.org%2F2000%2Fsvg%27%20width%3D%273005%27%20height%3D%274250%27%20viewBox%3D%270%200%203005%204250%27%3E%3Crect%20width%3D%273005%27%20height%3D%274250%27%20fill-opacity%3D%220%22%2F%3E%3C%2Fsvg%3E\" data-srcset=\"https:\/\/www.ehwazhope.fr\/wp-content\/uploads\/2023\/08\/1-200x283.png 200w, https:\/\/www.ehwazhope.fr\/wp-content\/uploads\/2023\/08\/1-400x566.png 400w, https:\/\/www.ehwazhope.fr\/wp-content\/uploads\/2023\/08\/1-600x849.png 600w, https:\/\/www.ehwazhope.fr\/wp-content\/uploads\/2023\/08\/1-800x1131.png 800w, https:\/\/www.ehwazhope.fr\/wp-content\/uploads\/2023\/08\/1-1200x1697.png 1200w\" data-sizes=\"auto\" data-orig-sizes=\"(max-width: 640px) 100vw, 600px\" \/><\/span><\/div><div style=\"text-align:center;\"><style>.fusion-imageframe.imageframe-2{ margin-top : 30px;}<\/style><span class=\" fusion-imageframe imageframe-none imageframe-2 hover-type-none\" style=\"border:5px solid #819461;\"><img decoding=\"async\" width=\"724\" height=\"1024\" title=\"3\" src=\"https:\/\/www.ehwazhope.fr\/wp-content\/uploads\/2023\/08\/3.png\" data-orig-src=\"https:\/\/www.ehwazhope.fr\/wp-content\/uploads\/2023\/08\/3-724x1024.png\" alt class=\"lazyload img-responsive wp-image-2487\" srcset=\"data:image\/svg+xml,%3Csvg%20xmlns%3D%27http%3A%2F%2Fwww.w3.org%2F2000%2Fsvg%27%20width%3D%273005%27%20height%3D%274250%27%20viewBox%3D%270%200%203005%204250%27%3E%3Crect%20width%3D%273005%27%20height%3D%274250%27%20fill-opacity%3D%220%22%2F%3E%3C%2Fsvg%3E\" data-srcset=\"https:\/\/www.ehwazhope.fr\/wp-content\/uploads\/2023\/08\/3-200x283.png 200w, https:\/\/www.ehwazhope.fr\/wp-content\/uploads\/2023\/08\/3-400x566.png 400w, https:\/\/www.ehwazhope.fr\/wp-content\/uploads\/2023\/08\/3-600x849.png 600w, https:\/\/www.ehwazhope.fr\/wp-content\/uploads\/2023\/08\/3-800x1131.png 800w, https:\/\/www.ehwazhope.fr\/wp-content\/uploads\/2023\/08\/3-1200x1697.png 1200w\" data-sizes=\"auto\" data-orig-sizes=\"(max-width: 640px) 100vw, 600px\" \/><\/span><\/div><\/div><style type=\"text\/css\">.fusion-body .fusion-builder-column-1{width:50% !important;margin-top : 0px;margin-bottom : 20px;}.fusion-builder-column-1 > .fusion-column-wrapper {padding-top : 0px !important;padding-right : 0px !important;margin-right : 3.84%;padding-bottom : 0px !important;padding-left : 0px !important;margin-left : 3.84%;}@media only screen and (max-width:1024px) {.fusion-body .fusion-builder-column-1{width:50% !important;order : 0;}.fusion-builder-column-1 > .fusion-column-wrapper {margin-right : 3.84%;margin-left : 3.84%;}}@media only screen and (max-width:640px) {.fusion-body .fusion-builder-column-1{width:100% !important;order : 0;}.fusion-builder-column-1 > .fusion-column-wrapper {margin-right : 1.92%;margin-left : 1.92%;}}<\/style><\/div><div class=\"fusion-layout-column fusion_builder_column fusion-builder-column-2 fusion_builder_column_1_2 1_2 fusion-flex-column fusion-flex-align-self-center\"><div class=\"fusion-column-wrapper fusion-flex-justify-content-center fusion-content-layout-column\" style=\"background-position:left top;background-repeat:no-repeat;-webkit-background-size:cover;-moz-background-size:cover;-o-background-size:cover;background-size:cover;padding: 0px 0px 0px 0px;\"><div style=\"text-align:center;\"><style>.fusion-imageframe.imageframe-3{ margin-top : 30px;}<\/style><span class=\" fusion-imageframe imageframe-none imageframe-3 hover-type-none\" style=\"border:5px solid #819461;\"><img decoding=\"async\" width=\"724\" height=\"1024\" title=\"2\" src=\"https:\/\/www.ehwazhope.fr\/wp-content\/uploads\/2023\/08\/2.png\" data-orig-src=\"https:\/\/www.ehwazhope.fr\/wp-content\/uploads\/2023\/08\/2-724x1024.png\" alt class=\"lazyload img-responsive wp-image-2486\" srcset=\"data:image\/svg+xml,%3Csvg%20xmlns%3D%27http%3A%2F%2Fwww.w3.org%2F2000%2Fsvg%27%20width%3D%273005%27%20height%3D%274250%27%20viewBox%3D%270%200%203005%204250%27%3E%3Crect%20width%3D%273005%27%20height%3D%274250%27%20fill-opacity%3D%220%22%2F%3E%3C%2Fsvg%3E\" data-srcset=\"https:\/\/www.ehwazhope.fr\/wp-content\/uploads\/2023\/08\/2-200x283.png 200w, https:\/\/www.ehwazhope.fr\/wp-content\/uploads\/2023\/08\/2-400x566.png 400w, https:\/\/www.ehwazhope.fr\/wp-content\/uploads\/2023\/08\/2-600x849.png 600w, https:\/\/www.ehwazhope.fr\/wp-content\/uploads\/2023\/08\/2-800x1131.png 800w, https:\/\/www.ehwazhope.fr\/wp-content\/uploads\/2023\/08\/2-1200x1697.png 1200w\" data-sizes=\"auto\" data-orig-sizes=\"(max-width: 640px) 100vw, 600px\" \/><\/span><\/div><ul class=\"fusion-checklist fusion-checklist-1\" style=\"font-size:16px;line-height:27.2px;margin-top:30px;\"><li style=\"background-color:rgba(255,255,255,0);\" class=\"fusion-li-item\"><span style=\"background-color:var(--awb-color1);font-size:14.08px;height:27.2px;width:27.2px;margin-right:11.2px;\" class=\"icon-wrapper circle-yes\"><i class=\"fusion-li-icon fa-newspaper fas\" style=\"color:#819461;\" aria-hidden=\"true\"><\/i><\/span><div class=\"fusion-li-item-content\" style=\"margin-left:38.4px;color:var(--awb-color6);\">\n<p><span class=\"WdYUQQ\">Interactions sociales chez les \u00e9quins :<br \/>\n<\/span><a href=\"https:\/\/mediatheque.ifce.fr\/doc_num.php?explnum_id=20824\">https:\/\/mediatheque.ifce.fr\/doc_num.php?explnum_id=20824<\/a><\/p>\n<\/div><\/li><li style=\"background-color:rgba(255,255,255,0);\" class=\"fusion-li-item\"><span style=\"background-color:var(--awb-color1);font-size:14.08px;height:27.2px;width:27.2px;margin-right:11.2px;\" class=\"icon-wrapper circle-yes\"><i class=\"fusion-li-icon fa-newspaper fas\" style=\"color:#819461;\" aria-hidden=\"true\"><\/i><\/span><div class=\"fusion-li-item-content\" style=\"margin-left:38.4px;color:var(--awb-color6);\">\n<p><span class=\"WdYUQQ\">Organisation sociale des chevaux domestiques \u00e9lev\u00e9s en groupe : quelles caract\u00e9ristiques individuelles sont \u00e0 l\u2019origine du statut social ? :<br \/>\n<\/span><a href=\"https:\/\/mediatheque.ifce.fr\/doc_num.php?explnum_id=16932\">https:\/\/mediatheque.ifce.fr\/doc_num.php?explnum_id=16932<\/a><\/p>\n<\/div><\/li><li style=\"background-color:rgba(255,255,255,0);\" class=\"fusion-li-item\"><span style=\"background-color:var(--awb-color1);font-size:14.08px;height:27.2px;width:27.2px;margin-right:11.2px;\" class=\"icon-wrapper circle-yes\"><i class=\"fusion-li-icon fa-newspaper fas\" style=\"color:#819461;\" aria-hidden=\"true\"><\/i><\/span><div class=\"fusion-li-item-content\" style=\"margin-left:38.4px;color:var(--awb-color6);\">\n<p><span class=\"WdYUQQ\">Organisation sociale des chevaux :<br \/>\n<\/span><a href=\"https:\/\/equipedia.ifce.fr\/sante-et-bien-etre-animal\/bien-etre-et-comportement-animal\/comportement-du-cheval\/organisation-sociale-des-chevaux\">https:\/\/equipedia.ifce.fr\/sante-et-bien-etre-animal\/bien-etre-et-comportement-animal\/comportement-du-cheval\/organisation-sociale-des-chevaux<\/a><\/p>\n<\/div><\/li><li style=\"background-color:rgba(255,255,255,0);\" class=\"fusion-li-item\"><span style=\"background-color:var(--awb-color1);font-size:14.08px;height:27.2px;width:27.2px;margin-right:11.2px;\" class=\"icon-wrapper circle-yes\"><i class=\"fusion-li-icon fa-newspaper fas\" style=\"color:#819461;\" aria-hidden=\"true\"><\/i><\/span><div class=\"fusion-li-item-content\" style=\"margin-left:38.4px;color:var(--awb-color6);\">\n<p><span class=\"WdYUQQ\">Le comportement social du cheval :<br \/>\n<a href=\"https:\/\/equipedia.ifce.fr\/sante-et-bien-etre-animal\/bien-etre-et-comportement-animal\/comportement-du-cheval\/comportement-social-du-cheval\">https:\/\/equipedia.ifce.fr\/sante-et-bien-etre-animal\/bien-etre-et-comportement-animal\/comportement-du-cheval\/comportement-social-du-cheval<\/a><br \/>\n<\/span><\/p>\n<\/div><\/li><li style=\"background-color:rgba(255,255,255,0);\" class=\"fusion-li-item\"><span style=\"background-color:var(--awb-color1);font-size:14.08px;height:27.2px;width:27.2px;margin-right:11.2px;\" class=\"icon-wrapper circle-yes\"><i class=\"fusion-li-icon fa-video fas\" style=\"color:#819461;\" aria-hidden=\"true\"><\/i><\/span><div class=\"fusion-li-item-content\" style=\"margin-left:38.4px;color:var(--awb-color6);\">\n<p><span class=\"WdYUQQ\">Anima Equi (Leader, dominant et hi\u00e9rarchie) :\u00a0<\/span><\/p>\n<div class=\"video-shortcode\"><iframe title=\"\u2022 TH\u00c9ORIE \u2022 Leader, dominant et hi\u00e9rarchie\" width=\"1200\" height=\"675\" src=\"https:\/\/www.youtube.com\/embed\/hDvnZDam8JI?feature=oembed\" frameborder=\"0\" allow=\"accelerometer; autoplay; clipboard-write; encrypted-media; gyroscope; picture-in-picture; web-share\" allowfullscreen><\/iframe><\/div>\n<\/div><\/li><li style=\"background-color:rgba(255,255,255,0);\" class=\"fusion-li-item\"><span style=\"background-color:var(--awb-color1);font-size:14.08px;height:27.2px;width:27.2px;margin-right:11.2px;\" class=\"icon-wrapper circle-yes\"><i class=\"fusion-li-icon fa-video fas\" style=\"color:#819461;\" aria-hidden=\"true\"><\/i><\/span><div class=\"fusion-li-item-content\" style=\"margin-left:38.4px;color:var(--awb-color6);\">\n<p><span class=\"WdYUQQ\">Aline Fillon (Leadership? Domination? Bienveillance? Comment se comporter avec notre cheval?) :<\/span><\/p>\n<div class=\"video-shortcode\"><iframe title=\"Leadership? Domination? Bienveillance?  Comment se comporter avec notre cheval?\" width=\"1200\" height=\"675\" src=\"https:\/\/www.youtube.com\/embed\/rJqJwy7SBU8?feature=oembed\" frameborder=\"0\" allow=\"accelerometer; autoplay; clipboard-write; encrypted-media; gyroscope; picture-in-picture; web-share\" allowfullscreen><\/iframe><\/div>\n<\/div><\/li><\/ul><\/div><style type=\"text\/css\">.fusion-body .fusion-builder-column-2{width:50% !important;margin-top : 0px;margin-bottom : 20px;}.fusion-builder-column-2 > .fusion-column-wrapper {padding-top : 0px !important;padding-right : 0px !important;margin-right : 3.84%;padding-bottom : 0px !important;padding-left : 0px !important;margin-left : 3.84%;}@media only screen and (max-width:1024px) {.fusion-body .fusion-builder-column-2{width:50% !important;order : 0;}.fusion-builder-column-2 > .fusion-column-wrapper {margin-right : 3.84%;margin-left : 3.84%;}}@media only screen and (max-width:640px) {.fusion-body .fusion-builder-column-2{width:100% !important;order : 0;}.fusion-builder-column-2 > .fusion-column-wrapper {margin-right : 1.92%;margin-left : 1.92%;}}<\/style><\/div><\/div><style type=\"text\/css\">.fusion-body .fusion-flex-container.fusion-builder-row-2{ padding-top : 0px;margin-top : 0px;padding-right : 0px;padding-bottom : 0px;margin-bottom : 0px;padding-left : 0px;}<\/style><\/div><div class=\"fusion-fullwidth fullwidth-box fusion-builder-row-3 fusion-flex-container has-pattern-background has-mask-background nonhundred-percent-fullwidth non-hundred-percent-height-scrolling\" style=\"background-color: rgba(145,154,86,0.24);background-position: center center;background-repeat: no-repeat;border-width: 0px 0px 0px 0px;border-color:var(--awb-color3);border-style:solid;\" ><div class=\"fusion-builder-row fusion-row fusion-flex-align-items-flex-start\" style=\"max-width:1248px;margin-left: calc(-4% \/ 2 );margin-right: calc(-4% \/ 2 );\"><div class=\"fusion-layout-column fusion_builder_column fusion-builder-column-3 fusion_builder_column_1_1 1_1 fusion-flex-column\"><div class=\"fusion-column-wrapper fusion-flex-justify-content-flex-start fusion-content-layout-column\" style=\"background-position:left top;background-repeat:no-repeat;-webkit-background-size:cover;-moz-background-size:cover;-o-background-size:cover;background-size:cover;padding: 0px 0px 0px 0px;\"><div class=\"fusion-section-separator section-separator horizon fusion-section-separator-1\"><div class=\"fusion-section-separator-svg\" style=\"font-size:0;line-height:0;\"><svg class=\"fusion-horizon-candy\" fill=\"#819461\" xmlns=\"http:\/\/www.w3.org\/2000\/svg\" version=\"1.1\" width=\"100%\" viewBox=\"0 -0.5 1024 178\" preserveAspectRatio=\"none\" fill=\"rgba(129,148,97,1)\"><path class=\"st0\" d=\"M1024 177.371H0V.219l507.699 133.939L1024 .219v177.152z\"\/>\n\t\t\t\t\t\t\t\t\t<path class=\"st1\" d=\"M1024 177.781H0V39.438l507.699 94.925L1024 39.438v138.343z\"\/>\n\t\t\t\t\t\t\t\t\t<path class=\"st2\" d=\"M1024 177.781H0v-67.892l507.699 24.474L1024 109.889v67.892z\"\/>\n\t\t\t\t\t\t\t\t\t<path class=\"st3\" d=\"M1024 177.781H0v-3.891l507.699-39.526L1024 173.889v3.892z\"\/>\n\t\t\t\t\t\t\t\t<\/svg><\/div><div class=\"fusion-section-separator-spacer\"><div class=\"fusion-section-separator-spacer-height\" style=\"padding-top:17.3828125%;\"><\/div><\/div><style type=\"text\/css\">.fusion-section-separator-1 .fusion-section-separator-svg {margin-left:1.92%;margin-right:1.92%;}@media only screen and (max-width:1024px) {.fusion-section-separator-1 .fusion-section-separator-svg {margin-left:1.92%;margin-right:1.92%;}}@media only screen and (max-width:640px) {.fusion-section-separator-1 .fusion-section-separator-svg {margin-left:1.92%;margin-right:1.92%;}}<\/style><\/div><\/div><style type=\"text\/css\">.fusion-body .fusion-builder-column-3{width:100% !important;margin-top : 0px;margin-bottom : 20px;}.fusion-builder-column-3 > .fusion-column-wrapper {padding-top : 0px !important;padding-right : 0px !important;margin-right : 1.92%;padding-bottom : 0px !important;padding-left : 0px !important;margin-left : 1.92%;}@media only screen and (max-width:1024px) {.fusion-body .fusion-builder-column-3{width:100% !important;order : 0;}.fusion-builder-column-3 > .fusion-column-wrapper {margin-right : 1.92%;margin-left : 1.92%;}}@media only screen and (max-width:640px) {.fusion-body .fusion-builder-column-3{width:100% !important;order : 0;}.fusion-builder-column-3 > .fusion-column-wrapper {margin-right : 1.92%;margin-left : 1.92%;}}<\/style><\/div><\/div><style type=\"text\/css\">.fusion-body .fusion-flex-container.fusion-builder-row-3{ padding-top : 0px;margin-top : 0px;padding-right : 0px;padding-bottom : 0px;margin-bottom : 0px;padding-left : 0px;}<\/style><\/div><\/p>\n","protected":false},"excerpt":{"rendered":"","protected":false},"author":1,"featured_media":0,"parent":0,"menu_order":0,"comment_status":"closed","ping_status":"closed","template":"100-width.php","meta":{"footnotes":""},"class_list":["post-2455","page","type-page","status-publish","hentry"],"_links":{"self":[{"href":"https:\/\/www.ehwazhope.fr\/index.php\/wp-json\/wp\/v2\/pages\/2455","targetHints":{"allow":["GET"]}}],"collection":[{"href":"https:\/\/www.ehwazhope.fr\/index.php\/wp-json\/wp\/v2\/pages"}],"about":[{"href":"https:\/\/www.ehwazhope.fr\/index.php\/wp-json\/wp\/v2\/types\/page"}],"author":[{"embeddable":true,"href":"https:\/\/www.ehwazhope.fr\/index.php\/wp-json\/wp\/v2\/users\/1"}],"replies":[{"embeddable":true,"href":"https:\/\/www.ehwazhope.fr\/index.php\/wp-json\/wp\/v2\/comments?post=2455"}],"version-history":[{"count":14,"href":"https:\/\/www.ehwazhope.fr\/index.php\/wp-json\/wp\/v2\/pages\/2455\/revisions"}],"predecessor-version":[{"id":2500,"href":"https:\/\/www.ehwazhope.fr\/index.php\/wp-json\/wp\/v2\/pages\/2455\/revisions\/2500"}],"wp:attachment":[{"href":"https:\/\/www.ehwazhope.fr\/index.php\/wp-json\/wp\/v2\/media?parent=2455"}],"curies":[{"name":"wp","href":"https:\/\/api.w.org\/{rel}","templated":true}]}}